onvert 1ced7f (base 16) to base 4.
13032311333
6200 (base 9) to base 15
1526
-1594300 (base 10) to base 9
-2888864
Convert -1b4b3 (base 12) to base 14.
-10a59
Convert -31baa (base 12) to base 11.
-45362
Convert 16590 (base 10) to base 11.
11512
-33032210020 (base 4) to base 11
-2287124
1bbcf9 (base 16) to base 15
25d94e
Convert -541250a (base 12) to base 11.
-9004665
37a69 (base 16) to base 12
abab5
57b9a (base 15) to base 2
1000100001101001010
Convert -2a043 (base 15) to base 2.
-100000111110010111
What is -4211331 (base 5) in base 15?
-15946
What is 40c02 (base 16) in base 10?
265218
What is 3313011121 (base 4) in base 2?
11110111000101011001
What is 104452525 (base 6) in base 14?
378085
What is 23010130 (base 5) in base 12?
99b26
What is 25251121 (base 8) in base 9?
11462245
What is -55470 (base 9) in base 13?
-139c8
What is -10050401 (base 8) in base 16?
-205101
What is 3d4714 (base 15) in base 2?
1011010000100010110000
-231528 (base 14) to base 8
-4435240
Convert -240320303 (base 5) to base 3.
-2002010000200
1111100010100001100011 (base 2) to base 3
21122221220000
-23203202 (base 4) to base 8
-134342
Convert -76557 (base 8) to base 3.
-1122001022
110230322 (base 4) to base 2
10100101100111010
Convert 13124233 (base 7) to base 6.
41413401
11001101110001011000 (base 2) to base 15
119ae5
Convert 9404231 (base 10) to base 5.
4401413411
Convert -30500 (base 14) to base 8.
-343004
What is 5438104 (base 12) in base 16?
f42994
76222 (base 8) to base 7
161655
What is -113782 (base 12) in base 9?
-460358
Convert 12c269 (base 13) to base 14.
bbc68
What is 447a0b9 (base 12) in base 3?
220122122100020
-1023119 (base 10) to base 6
-33532355
-2254345 (base 6) to base 7
-663125
Convert 23260661 (base 7) to base 13.
569486
Convert -8c82c5 (base 14) to base 12.
-1729899
What is -5b394 (base 12) in base 15?
-267a7
What is -1172434 (base 8) in base 7?
-2522131
What is 42133130 (base 5) in base 8?
1251755
13235034 (base 7) to base 3
2021221012220
Convert -140141400 (base 5) to base 2.
-10101101000101101111
-1200022011122 (base 3) to base 14
-192d64
35136 (base 13) to base 15
1da8c
What is -3421311141 (base 5) in base 9?
-15268551
What is 568044 (base 9) in base 16?
53203
24ea9e (base 16) to base 5
1104404413
32512c (base 13) to base 16
1209f1
What is -6a28 (base 12) in base 10?
-11840
-183762 (base 13) to base 12
-253783
-1423333233 (base 5) to base 10
-3730443
What is 4d54d (base 16) in base 6?
10442233
-203312023 (base 4) to base 10
-146827
What is 2b6d5 (base 15) in base 13?
4b8c6
-1000431 (base 7) to base 16
-1cc6b
What is 2502c5 (base 13) in base 14?
190bbc
What is 7a898 (base 14) in base 4?
1020301012
-3262100 (base 7) to base 16
-62126
-11222100321 (base 4) to base 12
-5b6849
Convert -311421545 (base 6) to base 7.
-63616106
Convert -4811 (base 15) to base 8.
-35724
What is -3c0aaa (base 13) in base 10?
-1458441
-8a5a5a (base 13) to base 12
-1117740
What is -1140cd (base 16) in base 3?
-2010110000211
Convert 22101100 (base 4) to base 8.
122120
Convert 164b3b8 (base 15) to base 4.
331233333110
What is -31421 (base 15) in base 6?
-3203021
What is 211211020211 (base 3) in base 13?
129637
Convert -112212033 (base 4) to base 8.
-264617
-538565 (base 15) to base 11
-2276a58
Convert -114852 (base 10) to base 12.
-56570
-87b0a (base 12) to base 4
-223311322
Convert -221246 (base 8) to base 2.
-10010001010100110
3c5cd (base 16) to base 6
5144353
1336106 (base 7) to base 11
111300
Convert -66652 (base 11) to base 15.
-1d960
-331222213 (base 4) to base 6
-5225211
What is 5ad704 (base 15) in base 6?
233112151
-25430051 (base 6) to base 12
-33b327
Convert 1260185 (base 9) to base 7.
5566634
What is -2242542 (base 6) in base 7?
-655235
Convert -15d08b6 (base 14) to base 13.
-22b4395
Convert a3074 (base 11) to base 3.
21122102111
-6320662 (base 7) to base 10
-761455
Convert -10133533 (base 7) to base 14.
-1814c3
241234441 (base 5) to base 11
6a4074
What is -52173 (base 14) in base 4?
-300103221
What is 527857 (base 10) in base 5?
113342412
Convert 3813147 (base 9) to base 5.
1012404322
Convert -586c0 (base 14) to base 5.
-23343001
What is -85aa6 (base 11) in base 16?
-1e8b5
What is -2ae370 (base 15) in base 3?
-10220022122220
-58586a (base 11) to base 4
-3203010202
Convert -953657 (base 10) to base 4.
-3220310321
-204505141 (base 6) to base 12
-124b1b1
Convert 6209008 (base 12) to base 3.
1021200022000022
What is -2021123213 (base 4) in base 15?
-b1bce
What is 2354022 (base 6) in base 13?
44594
What is -113144144 (base 5) in base 12?
-211b73
Convert 11067a (base 11) to base 7.
1333410
What is 28a1b (base 14) in base 16?
189a1
Convert 10601120 (base 7) to base 3.
1201222120112
-a4b49 (base 13) to base 10
-296318
-2400103130 (base 5) to base 12
-19baa02
What is 89168 (base 11) in base 4?
133210112
Convert -22112220020100 (base 3) to base 16.
-4558f5
8a438 (base 16) to base 10
566328
110b4 (base 16) to base 4
101002310
What is -2004b (base 12) in base 5?
-2312111
What is -33622675 (base 8) in base 9?
-14631877
Convert 670814 (base 11) to base 12.
437100
What is 65b19 (base 14) in base 7?
2044232
631237 (base 9) to base 7
3121003
-721c1 (base 16) to base 7
-3654443
What is -102c789 (base 13) in base 7?
-56514336
608bb (base 14) to base 12
b2485
What is -3692713 (base 10) in base 7?
-43246633
-40026553 (base 8) to base 4
-200002311223
What is -683616 (base 15) in base 5?
-2233111441
What is -c06688 (base 13) in base 15?
-5d45d4
What is 411108 (base 10) in base 9?
685836
Convert -b6aa (base 15) to base 8.
-113353
-234466 (base 10) to base 5
-30000331
Convert -1956645 (base 14) to base 12.
-4267b31
-31100403 (base 5) to base 16
-3dd2c
-30b267 (base 13) to base 15
-1774ce
-3433260 (base 8) to base 7
-10626520
What is 203112332 (base 4) in base 11?
998a4
52326 (base 11) to base 14
1db10
What is 493b (base 16) in base 6?
222443
What is 456a28 (base 14) in base 6?
122342232
706c3 (base 16) to base 3
212101122221
What is -272272 (base 9) in base 3?
-22102022102
-2ab724 (base 16) to base 4
-22223130210
Convert -29b49 (base 12) to base 15.
-125b0
Convert 622637 (base 9) to base 10.
369394
Convert 54557100 (base 8) to base 4.
230231321000
What is 1122110021201 (base 3) in base 15?
1243dd
What is a406 (base 14) in base 5?
1400410
Convert bb9235 (base 15) to base 13.
1b10778
What is -48713 (base 9) in base 3?
-1122210110
1111001111000011001110 (base 2) to base 14
75d67c
23173617 (base 8) to base 15
699841
-231ec (base 15) to base 16
-1b4ce
What is 372611 (base 8) in base 16?
1f589
Convert -14081d8 (base 14) to base 13.
-2019729
-220221202221 (base 3) to base 12
-1b82ba
Convert -1110100101110001100 (base 2) to base 3.
-220021211010
-272421a (base 11) to base 5
-2201032343
2112011000001 (base 3) to base 10
1341361
Convert 3045042 (base 6) to base 10.
146258
-43231210 (base 6) to base 14
-2543b0
1020201022 (base 3) to base 14
8d58
-25a6a8 (base 14) to base 7
-14006601
Convert 1587d3 (base 14) to base 7.
6255353
-11332003 (base 4) to base 10
-24451
11111010110001010010001 (base 2) to base 11
4702802
What is -3a705a (base 11) in base 12?
-269915
Convert -304242 (base 8) to base 14.
-288b8
13225313 (base 6) to base 16
6b3cd
Convert aea9 (base 16) to base 3.
2021100001
Convert 13031332130 (base 4) to base 2.
111001101111110011100
-12204210 (base 6) to base 12
-169666
156801 (base 9) to base 7
552304
-11102123103 (base 4) to base 12
-56a243
738b45 (base 13) to base 12
aa4b42
Convert a025b2 (base 12) to base 2.
1001100000100011010110
Convert -2375c (base 13) to base 2.
-1111110111001101
What is -78278 (base 11) in base 5?
-12112322
-110020012010 (base 3) to base 5
-30200313
What is 130535055 (base 6) in base 15?
359772
Convert 9c20a (base 13) to base 4.
1011101301
What is -1612151 (base 7) in base 4?
-312013133
What is 13633565 (base 8) in base 2?
1011110011011101110101
Convert -e2cc (base 15) to base 13.
-18a50
13254510 (base 6) to base 15
8b3c6
-44799 (base 10) to base 16
-aeff
Convert -5351 (base 7) to base 5.
-30043
What is 302760 (base 9) in base 7?
1344345
What is -31033232 (base 4) in base 13?
-1b905
Convert 10111011011010001101 (base 2) to base 10.
767629
What is -30103111 (base 5) in base 4?
-322011102
-63458 (base 10) to base 7
-353003
664240 (base 8) to base 4
312202200
-110111